it of (w - -2) + -1 - -7?
5
Suppose -o - 3*f = -3, -3*f + 4 = f. Suppose 0*s = -2*s + 5*l + 91, s - 3*l - 48 = o. What is the units digit of s?
3
Suppose -x - 5*j + 6 = 0, 4*x + 3*j - 1 = 6*x. Let k be 0*-1*(-2 + x). Let o = 2 + k. What is the units digit of o?
2
Suppose 0 = -2*k + 8, 3*k - 202 = -5*v + 100. What is the tens digit of v?
5
Suppose 5*x + 4*r + 21 = 0, -5*r + 8 = 2*x + 30. Let h = x - -3. What is the units digit of h?
2
Let j(d) = -d**3 + 7*d**2 + 9*d - 3. What is the tens digit of j(-4)?
3
Let u(r) = 3*r**2 - 2*r. Let o(j) = -j. Let b(d) = -3*o(d) + u(d). Let v be b(1). Let l = 5 + v. What is the units digit of l?
9
What is the units digit of 8/(-24) + (-14)/(-6)?
2
Suppose -5*f + 2*q = -608, -4*q - 130 = -f + 6. What is the tens digit of f?
2
Let z(n) = n**2 + n + 1. Let f be z(3). Suppose 0 = 4*i + f - 57. What is the tens digit of i?
1
Let p(o) = -o**3 + o**2 - o + 24. Let w be p(0). Let a = -14 + w. What is the units digit of a?
0
Let a(m) = 2*m**3 + m**2 - 2*m - 3. What is the tens digit of a(3)?
5
Let i(a) = -2*a - 1. Let f be i(6). Let p be 6/(-39) - 28/f. Suppose p = -4*l + 14. What is the units digit of l?
3
Suppose -2*n + 0*n + 34 = 0. Let w = -12 + n. Suppose 46 - 16 = w*t. What is the units digit of t?
6
Let r(d) = -d**2 + 5*d + 4. Let l be r(6). Let h be 1/(-2)*(l + -2). Suppose -h*s = -n + 3, -3*n + n - 3*s = -6. What is the units digit of n?
3
Let x(n) = n**2 + 2*n - 7. What is the units digit of x(-5)?
8
Suppose 3*h + 1 = -2*c + 21, -c + h = 0. Let w(x) = -x**2 + 7*x - 6. What is the units digit of w(c)?
6
Let l(d) = -d**2 + 7*d. Let j(t) = t**3 - 6*t**2 + 4*t + 4. Let z be j(5). Let w be 6 - (0 - (z + 1)). What is the units digit of l(w)?
6
Let t be -6*(0 - 3/6). Suppose 0 = -t*q + 6*q - 90. Suppose -v - 3*i + q = -4, 2*i = 2*v - 28. What is the units digit of v?
9
Let w = -7 + 12. Suppose -2*c + 46 = -w*p, -3*p - 3*c = -5*p - 25. What is the units digit of ((-4)/6)/(p/36)?
3
Let n be 0 - (-7)/(28/(-80)). Let p = 45 + n. What is the units digit of p?
5
Suppose -2*c + 10 = 5*x, -2*c - 5 = -4*x + 21. Suppose x*d + 0 - 8 = 0. What is the units digit of d?
2
Suppose 3*h + 2*p + 2*p = 18, h + 4*p - 14 = 0. Suppose h*j - 12 = 24. What is the tens digit of j?
1
Let y be (6/15)/((-1)/(-5)). Suppose -b = -y*b + 2. What is the units digit of b?
2
Suppose -3*q - 116 = q. Let s be (-2)/(-6) + 55/(-3). Let i = s - q. What is the units digit of i?
1
Let j be ((-8)/(-10))/((-1)/5). Suppose -7*r + 70 = -2*r. What is the units digit of r/j*(0 + -2)?
7
Let x = -19 + 9. Let w(c) = -c - 7. Let b be w(x). Suppose -b*h + 2*h = -12. What is the units digit of h?
2
Suppose -5*f = -16 - 4. Suppose -f*n = -5*k - 0*k - 44, -2 = n + 2*k. Suppose -6 = -3*s + n. What is the units digit of s?
4
Let i(a) = -a**2 - 9*a + 3. Let p be i(-9). Let d(x) = x + 2. Let s be d(p). Suppose -59 = -s*r + 11. What is the units digit of r?
4
Suppose 0 = 3*p + p - 240. Suppose 2*m + m = p. What is the tens digit of m?
2
Let y(z) = z**3 + 6*z**2 + z + 2. Let t be y(-6). What is the units digit of (t/5)/((-4)/30)?
6
Let x = 45 + -16. What is the tens digit of x?
2
Let p(n) = 4*n**2 - 3*n + 1. What is the units digit of p(-2)?
3
Let s(c) = -4*c - 8. What is the units digit of s(-4)?
8
Let b(f) = -3*f + 19*f**3 + 0*f - 7*f**3 - 1 - 11*f**3 - 3*f**2. Suppose -4*i - 7 = -n - 27, 4*n = 2*i - 24. What is the units digit of b(i)?
3
What is the units digit of 158/2 - (0 - 4)?
3
Let c(l) = 8*l - 5. Let v(y) = -7*y + 4. Let w(m) = 4*c(m) + 5*v(m). Let b be ((-2)/(-1))/((-2)/5). What is the units digit of w(b)?
5
Let l(k) = k**3 - 4*k**2 - 6*k + 3. Let c be l(5). Let y be (-15)/(-6) + c/(-4). Suppose -44 = -4*h - 0*h - 4*g, 27 = 3*h - y*g. What is the tens digit of h?
1
Suppose -g = -b - 4*b + 490, 0 = 4*b + 2*g - 406. What is the units digit of b?
9
Suppose 2*u = -8*u + 80. Let x be 1/(-2) - 162/(-4). Suppose u - x = -4*s. What is the units digit of s?
8
Let p = -21 + 11. Let g(d) = -d**3 - 9*d**2 + 8*d. What is the tens digit of g(p)?
2
Suppose p = 2 + 2. Suppose 4*z + 100 = n, 2*n + 0 = -5*z - 112. What is the units digit of (-3 + 10/p)*z?
2
Let f(z) = -2*z - 3. Suppose 10 = 5*y - 5*x, -3*x = -2*y + 2*x + 19. Let i be f(y). Suppose i*o - 16 = 8. What is the units digit of o?
8
Let y = 1 + 1. Suppose -27 + 7 = -y*h. What is the tens digit of h?
1
Let a = 21 - 17. What is the units digit of a?
4
Let g be (12/10)/(8/20). Suppose g*b = b - 8. What is the units digit of (0 - -3) + (b - -3)?
2
What is the units digit of (6 + -1)/(1/7)?
5
Let f be 44/55*15/(-2). What is the units digit of ((-42)/(-4))/(-7)*f?
9
Suppose 3*l + 3*j - 34 = -2*j, -5*j = -2*l - 19. Suppose 3*o + 2 = -s, -4*s + 1 = l*o - 0. Let a = 8 - s. What is the units digit of a?
7
Let u(z) = -z**2 - 17*z - 6. What is the units digit of u(-11)?
0
Let u(y) = -23*y + 2*y - 5*y. Let h be u(-1). Suppose -h = -4*i + 6. What is the units digit of i?
8
Suppose -3*p + 19*p - 1872 = 0. What is the hundreds digit of p?
1
Suppose 8*y - 3*y - 10 = 0. Let n(p) = p**2. Let z be n(-2). Suppose g - y = z. What is the units digit of g?
6
Let t = 95 + -43. Let u = -27 + t. What is the units digit of u?
5
Let q(w) = -2*w**3 - 7*w**2 - 7*w + 2. Let b be q(-5). Suppose f = -0*f - 2*n + 34, -b = -4*f - 2*n. What is the tens digit of f?
2
Let m(a) = -a**2 - 9*a - 9. Let j be m(-7). Let f = 3 + j. What is the units digit of f?
8
Let x be 4/(-5)*2*-5. Let r = -6 + x. Suppose -7*j + 25 = -r*j. What is the units digit of j?
5
Let q(y) be the second derivative of -23*y**3/6 - y**2/2 + 2*y. Suppose -2*t + 13 = 3*a, a = 3*t + 9 - 1. What is the units digit of q(t)?
2
Suppose -3*t + f = -78, -5*t = -4*f - 1 - 136. What is the units digit of t?
5
Suppose 3*z = 41 + 4. Let g = z + -2. What is the units digit of g?
3
What is the units digit of (28/(-21))/(2/(-36))?
4
Let j(k) be the third derivative of k**4/8 + k**3/3 + k**2. What is the tens digit of j(3)?
1
Suppose -4*c + 2 = -3*c. What is the units digit of 1 + -5 - (-10)/c?
1
Let u be (-76)/8*1*-2. Suppose -2*n = -c + u, 5*n + 21 + 43 = 4*c. What is the units digit of c?
1
Let n = 48 + -14. What is the units digit of n?
4
Let w = -11 - -13. Suppose -w*x = 3 - 5. What is the units digit of x?
1
Suppose 4*k = -5 + 17. Suppose -v + 2 = -k*v. Let y(c) = -9*c. What is the units digit of y(v)?
9
Let s = -9 + 10. What is the units digit of 39/s*(-2)/(-6)?
3
Suppose -64 = -f - 3*u, 0*u - 88 = -2*f + 2*u. What is the units digit of f?
9
Suppose -4*s = -2*s - 48. What is the units digit of s?
4
Let q = -492 + 831. What is the hundreds digit of q?
3
What is the tens digit of (-375)/(-4) - (-6)/(-8)?
9
Suppose 7*n = 10*n - 225. What is the tens digit of n?
7
What is the units digit of (202/(-6))/(4 - (-13)/(-3))?
1
Let f = 31 + -13. Let j be (-1)/(-3) + (-24)/f. What is the units digit of (-22)/(-2) + -1 + j?
9
Let x = -102 + 213. What is the units digit of x?
1
Suppose -5*f + 18 = 4*i, -5*f + 6 = -4. Suppose 2*c = 4*c + i. What is the units digit of c/(-3) - 34/(-6)?
6
Let y = 0 + -4. Let f = -1 - y. What is the units digit of f*(-2 - -4 - -1)?
9
Let w = 10 + -5. Let o(l) = -l**3 + 6*l**2 - 7*l + 7. Let f be o(w). What is the tens digit of (-190)/(-15) + 2/f?
1
Let v = 30 + -21. Let l = v + -8. What is the units digit of l?
1
Let f(a) = -5*a**2 + 10*a - 5. Let l(h) = -9*h**2 + 19*h - 10. Let c(m) = -11*f(m) + 6*l(m). Suppose -30 = -2*d + 7*d. What is the units digit of c(d)?
7
Let y = 6 + 7. Let f = -18 + 40. Let a = f - y. What is the units digit of a?
9
Suppose 4*u = p - 27, 0*p - 45 = -2*p - u. What is the units digit of p?
3
Let g(z) = -z + 2. Let c be g(-8). Suppose 4*a = 2*a + c. Suppose 5*q - 4*m = 55 + 11, 3*q + a*m - 10 = 0. What is the tens digit of q?
1
Suppose 6*h - 51 = 3*h. Suppose -g - 3*a - 2*a + 4 = 0, -5*a - 16 = -4*g. Let k = h - g. What is the units digit of k?
3
Let b(c) = 2*c + 3. Let a be b(7). Suppose -l + a = -0*l. What is the units digit of l?
7
Suppose 5*p = -2*n + 4 + 7, -2*n - p + 15 = 0. Suppose -3*f - f = -n. Suppose -2*w = f*w - 48. What is the units digit of w?
2
Let d = 333 - 233. What is the tens digit of d?
0
Suppose -2*a = -x + 36, 3*x - x - 12 = a. Let h = a + 29. What is the units digit of h?
9
Suppose 0*n = -4*n + 8. Suppose -15 = 5*b, -2*q + n*b = -b - 51.